Give p(c).
5
Let i(t) = 4*t + 3. Let a(m) = -2*m - 1. Let b be (-4*(-45)/210)/(3/14). Let o(s) = b*i(s) + 5*a(s). Determine o(-5).
-23
Let t(d) = 5*d**3 + 8*d**2 + 2 + 2*d**3 + 3*d - 3*d**3. Suppose 0 = 3*k - 2*x, 5*k - 3 + 22 = -3*x. What is t(k)?
-4
Let a be -3*((-4)/3)/1. Let y(g) = g**2 - 4*g. Let t be y(a). Let v(x) = t + 0*x - 4 + 2*x + 3. Give v(4).
7
Let n(m) be the second derivative of m**4/12 - m**3/2 - m**2 + 11*m. Let w be ((-1884)/21)/(-1) - (-2)/7. Let d = 93 - w. Calculate n(d).
-2
Let t be (15/5 - 2)*-7. Let a(w) = -w - 4. Let u(y) = 4*y + 15. Let l(h) = t*a(h) - 2*u(h). What is l(-8)?
6
Let w(b) be the third derivative of -b**4/2 - 20*b**3/3 - 20*b**2. Let a be w(-4). Let t(l) = l**3 - 7*l**2 - 7*l - 4. Calculate t(a).
4
Let d(b) be the second derivative of 2*b**3 + 7*b**2/2 - 12*b + 14. What is d(-1)?
-5
Let t(o) = o**3 - 10*o**2 + 8*o - 38. Let u be t(12). Let b(c) = -334 + u - 2*c + c. Give b(10).
2
Let i(b) = b**3 - 10*b**2 + 9*b + 8. Let m = 328 + -466. Let z = m - -147. Determine i(z).
8
Let i(j) = -j**3 + 16*j**2 - 11*j - 64. Let l(d) = d**2 + 22*d - 825. Let r be l(20). Calculate i(r).
-4
Let u(c) = -24*c + 54. Let v be u(-11). Let t be v/(-24) + (1 - 14/8). Let o be (-56)/(-9) - t/(-63). Let f(j) = j - 3. What is f(o)?
3
Let q(j) = -3*j + 148. Suppose 0*p = -99*p + 472 + 4478. Determine q(p).
-2
Let u = 390 - 568. Let x = 186 + u. Let m(a) = -2*a - 3. Calculate m(x).
-19
Let o(a) = 10*a + 10. Let r(h) = -16*h - 13. Let k(c) = 3*o(c) + 2*r(c). What is k(-7)?
18
Let b(u) = -2*u + 18. Suppose -5*g + 51 + 9 = -3*y, 3*y + 3*g = -60. Let w be (-112)/(-18) + y/90. Calculate b(w).
6
Suppose 13*t + 5*t = 198. Suppose 4*o = -4*y, -o - t*y = -12*y - 8. Let a(s) = -5*s + 6. What is a(o)?
-14
Suppose -5*j + 11 = -14. Let o be j + (-3 - -5) - (2 - -1). Let b(d) be the third derivative of d**5/60 - d**4/12 - d**3/3 + 37*d**2. Calculate b(o).
6
Let b be (-8)/(-1) - 2/4*-2. Let d(n) = -3*n + 35. Determine d(b).
8
Let c be 1/3 - 1 - 22/(-6). Let f(q) = -22*q**3 + 36*q**c - 5 + 9*q + 10*q**2 - 13*q**3. Determine f(-9).
-5
Let t be (-2)/(-3)*210/(-28). Let b(p) = -1. Let s(m) = -2 + 0 - 4*m + 3*m. Let k(i) = t*b(i) + 3*s(i). Determine k(1).
-4
Let f(z) = 0 - z - 1 + 2*z. Suppose -257*v + 42 = -4*y - 252*v, -5*y - 6*v = -119. Give f(y).
6
Let t be (-54)/(-36)*16/(-6). Let j(c) = -5*c**2 + 6*c - 1. Let n(x) be the first derivative of -2*x**3 + 3*x**2 - x + 8. Let o(v) = t*n(v) + 5*j(v). Give o(5).
4
Let h(f) be the second derivative of f**5/60 + 5*f**4/24 + 5*f**3/6 + 7*f**2/2 + 23*f - 1. Let l(b) be the second derivative of h(b). What is l(5)?
15
Suppose -4*i + 67 + 13 = 0. Suppose 16*m + 120 = i*m. Suppose -17*f = -12*f - m. Let a(t) = 2*t - 7. Give a(f).
5
Let j be 21/6*-2 + 1. Let s(i) be the second derivative of -i**5/20 - 5*i**4/12 + i**3/3 + i**2/2 + 481*i. What is s(j)?
25
Let t = 2952 + -1226. Let x(m) = -t*m - 3 + 856*m + 863*m + m**2. Determine x(8).
5
Let p(k) = 8*k - 36 - k + 3*k + 37 - 3*k**3 + 2*k**3. What is p(-3)?
-2
Let h(o) be the third derivative of -o**4/24 + 3*o**3/2 - 5349*o**2. Determine h(-15).
24
Let a(d) = d**2 + 19*d + 41. Suppose 77*j + 86*j + 2771 = 0. What is a(j)?
7
Let i(w) = -w - 2. Let g be (-166)/(-1743) - (-128)/(-21) - 5. Calculate i(g).
9
Suppose 192*x - 194*x = -4. Let u(l) = -x*l + 6 - 8 - l**2 + 5*l**2 + 3. Give u(1).
3
Let o(z) = 55*z**2 + z - 8. Let p(h) = 2*h**2 + h + 2. Let f(w) = -o(w) - 2*p(w). What is f(1)?
-58
Let i(y) be the third derivative of y**6/180 - y**5/30 + 19*y**4/24 - 13*y**2. Let g(k) be the second derivative of i(k). Give g(-4).
-20
Let w(g) = -g**2 - 6. Let a = -41 - -43. Let n be (4 - 2) + a + -4. Calculate w(n).
-6
Let s(x) be the first derivative of x**4/2 + 13*x**3/3 + 3*x**2 + 86*x - 2957. Give s(-7).
-5
Let j(n) = -n**3 + 3020 + 9*n - 1503 - 1515. Calculate j(5).
-78
Suppose 605 = -7*z + 605. Let p(y) = -y - 14. Let j(q) = q**2 + 1. Let s(u) = j(u) - p(u). What is s(z)?
15
Let u(c) = -4*c - 4. Let r(a) = -2*a**2 - 4*a + 3. Let p = 10 + 18. Let x = p + -27. Let k be r(x). What is u(k)?
8
Let c(j) = j - 7. Let t = 2584 - 2580. Calculate c(t).
-3
Let o be -11 - (10 + -16) - (-1)/1. Let r(j) = -42*j - 165. Calculate r(o).
3
Let x(m) = -12*m**2 - 111*m + 24. Let a be x(-12). Let c = a - -355. Let y(d) = d**3 + 16*d**2 - 16*d + 16. Calculate y(c).
-1
Let b(n) be the first derivative of n**3/3 + 13*n**2/2 - 7*n + 1414. Calculate b(-14).
7
Let j(n) = -n**3 - 6*n**2 - n - 4. Let z(m) = -3*m**2 + 17*m + 13. Let l be z(9). Let b = -31 - l. Let i = b - 52. What is j(i)?
2
Let o(b) = 17*b**3 + 15*b**2 + 7*b - 47. Let c(u) = 37*u**3 + 31*u**2 + 13*u - 95. Let t(z) = -6*c(z) + 13*o(z). Determine t(10).
-11
Let b(o) = 130*o**3 - 88*o**3 + 2 + 4*o - 71*o**3 + 3*o - 5*o. What is b(-1)?
29
Let p be ((80/15)/8)/((-6)/(-171)). Suppose -5*z = -s - 38, -3*s + p = 4*z - 0*s. Let m(f) = 3*f - 3. What is m(z)?
18
Let s be (-3 - 27/12)/((-12)/32). Suppose 7*p - 7 = -s. Let v(h) = 19*h**2. What is v(p)?
19
Let u(p) = -15*p + 58. Suppose 55*j + 10 = 212 + 18. What is u(j)?
-2
Let n(h) = -h**3 - 7*h**2 + 7*h - 12. Let c(u) = -u**3 - 2*u**2 + 3*u. Let m be c(-3). Suppose -2*y - 1 = -3*a - 0*a, m = 2*y + a + 21. Calculate n(y).
-4
Let t(y) be the third derivative of 369*y**2 + 1/12*y**5 - 1/120*y**6 + 7/6*y**3 + 0*y + 1/4*y**4 + 0. Let z = 17 + -11. What is t(z)?
7
Suppose 71*p - 66*p - 3*x - 58 = 0, -2*x = 5*p - 53. Let i(j) = -j**2 + 5*j - 4. Calculate i(p).
-70
Let u(v) be the first derivative of -v**5/120 - v**3/3 - 28*v + 158. Let y(c) be the third derivative of u(c). Give y(6).
-6
Let p(k) = k**2 - 5*k - 3. Suppose -5*z - z = 0. Suppose 12 = f + h, 4*f + z*h - 60 = -h. Suppose f - 24 = -2*j. What is p(j)?
-7
Let p(d) = -9*d - 13. Let k(z) = -z - 2. Let s(l) = 21*k(l) - 3*p(l). Suppose 0 = -4*c + 250 - 254. What is s(c)?
-9
Let z(c) = 116*c + 4405. Let h be z(-38). Let l(r) = 3*r - 7. Determine l(h).
-16
Let r be (7 - (1 + 7)) + 5. Suppose 3*g + 3*b + 29 = -2*g, r*b = 3*g. Let c(u) = 10*u + 6. Determine c(g).
-34
Suppose 2*t + 5*t = -0*t. Suppose 5*j = -3*f + 15 - t, -j = 3*f - 15. Suppose 3*i - 14 = x, -2*x - 8 = -j*i - i. Let w(k) = -k**2 + 7*k - 4. What is w(i)?
8
Let i be 11514/2280 - (-2)/(-40). Let k(a) = -2. Let r(h) = 3*h - 13. Let o(u) = -3*k(u) + r(u). Calculate o(i).
8
Let r(n) = 3*n + 1. Let u(s) = 14*s - 7. Let o(v) = 5*r(v) - u(v). Let q be -2*(45/6 - -2). Let m = 11 + q. Calculate o(m).
4
Suppose -4*d + 24 = 5*h, -3*d - 6*h + 19 = -2*h. Let g(y) = 4 - 3 - d - y. Calculate g(-6).
6
Let r be (-58)/7 - 32/(-112). Let q(c) = -8 + 722*c - 348*c - 373*c. Calculate q(r).
-16
Suppose -607 + 999 = 56*r. Let g(x) = 3*x**2 - 13*x - 40. Calculate g(r).
16
Let p(k) = 16*k - 16. Let n(h) = -h**3 - 68*h**2 + 54*h - 1031. Let b be n(-69). Give p(b).
48
Let d be -12 + (-5)/(-1) - 72/(-4). Let j(a) = a**3 - 10*a**2 - 7*a - 29. Determine j(d).
15
Let g(z) = -24*z**2 - 20*z - 2. Let w(j) = 13*j**2 + 10*j + 1. Let k(p) = -6*g(p) - 11*w(p). Calculate k(-6).
-23
Suppose 6*h - 4620 = -8*h. Suppose 42*z = -13*z + h. Let c(s) = -s + 7. Determine c(z).
1
Let k(t) = -9*t + 59. Let p(o) = -4*o + 29. Suppose i - 10 = -i - 4*a, -4*a = -i - 25. Let r(j) = i*p(j) + 2*k(j). Give r(11).
-5
Let g(n) = 4*n + 6 + 35*n**2 + 2*n - 5*n - 5. Suppose -2 = 3*i + p - 0*p, -5 = -5*p. What is g(i)?
35
Let j(d) = d**3 + 5*d**2 - 5*d - 3. Let z(k) be the first derivative of k**4/4 + 4*k**3/3 + k**2 - k - 28. Let r be z(-3). Let b = -8 + r. Give j(b).
-9
Let q(u) = 1 + 9 - 17*u**2 + 25*u**2 + u. Let t(y) = 11*y**2 + y + 15. Let d(o) = 7*q(o) - 5*t(o). Give d(-4).
3
Suppose 2*v - 2 = 2. Let f(k) be the first derivative of -7*k**2/2 + 11*k + 230880. Give f(v).
-3
Let b(c) = -c**2 + 2*c - 3. Suppose p = 15 - 14. Suppose -4*k - h = -7, -5*k - p = 4*h - 7. Give b(k).
-3
Let w(k) = -21 + k**3 + 7*k**2 + 5*k + 9 + k**2. Let p = -11942 - -11935. Determine w(p).
2
Suppose r - 12 = -3*r. Let f(k) = 4*k + 11 - k**r - 36*k**2 + 33*k**2 - 9. What is f(-4)?
2
Suppose -5 - 4 = 3*m. Let d(b) = 33*b + 3. Let z(r) = 82*r + 7. Let s(n) = -5*d(n) + 2*z(n). Determine s(m).
2
Let b = 32 - 15. Suppose -2*h + 2*w + b = h, 0 = -h + w + 7. Let a(i) = i**3 - i**3 + 2*i + 1 - 4*i**h + i**2. Determine a(-1).
4
Let t be ((14/(-3))/(8/18))/((-27)/(-54)). Le